(o) = o**2 - 15*o + 21. Let x be y(-11). Let l = x + -43. What is the units digit of l?
4
Suppose t - 2*i = 1079, -2729 = -5*t + 4*i + 2654. Suppose -t - 1884 = -11*v. Let z = v - 79. What is the tens digit of z?
9
Let f(l) = 10 + l - 142*l**2 - 11 + 436*l**2. What is the units digit of f(2)?
7
Let i(u) = 134*u**3 + 8*u**2 + 17*u - 23. What is the ten thousands digit of i(5)?
1
Let t(b) be the second derivative of b**4/12 - b**3 + 29*b**2/2 - 1498*b. Let y = -23 - -13. What is the hundreds digit of t(y)?
1
Let h = -6 + 10. Suppose -5*y = -m + 3*m - 50, 0 = h*m + 2*y - 84. Suppose 0 = 2*k - 5*r - 433, -5 = -5*r - m. What is the units digit of k?
9
Suppose 6862 = 13*h - 5*u, 4*h - 4*u - 2807 + 703 = 0. What is the tens digit of h?
2
Let p = -2 - -2. Suppose 25*f - 141*f + 14964 = 0. Let t = p + f. What is the units digit of t?
9
Let r(k) = k**2 - 19*k + 21. Let q be r(24). Suppose -c - 2*c + 3*z + q = 0, -4*z = -3*c + 136. What is the tens digit of c?
5
Suppose -2*l + 611 + 172 = i, -i = 4*l - 773. Let t = -437 + i. What is the tens digit of t?
5
Suppose 4*m = -3 + 11. Suppose -2*j - 7 = -2*o + 1, 3*j = o - 4. What is the tens digit of j*(-1)/m + 94?
9
What is the thousands digit of (400/(-18))/((-72)/149364)?
6
Suppose 658039 - 229411 = 13*a + 10*a. What is the tens digit of a?
3
What is the tens digit of (-109545)/((-10)/2) - 7*(-10)/(-35)?
0
What is the units digit of (-5480)/12*-45 - (-16 - (5 + -17))?
4
Let g = 7348 - 3055. What is the tens digit of g?
9
Let c(q) = -2998*q + 8755. What is the tens digit of c(-9)?
3
Suppose 4*i = -k - 22 + 25, 3*i + 5*k - 15 = 0. Suppose i*d = -4*d + 3484. What is the tens digit of d?
7
Let y(u) = -5*u + 265. What is the tens digit of y(29)?
2
Let r be 21/(-3)*-289 + (-25 - -26). Suppose 5*k + 2*f = r, -5*k - 2*f - 2*f = -2018. What is the tens digit of k?
0
Let k = 29898 + -11181. What is the tens digit of k?
1
Let a(h) = -4*h**3 + h**2 - 25*h - 183. What is the thousands digit of a(-17)?
0
Let g = 92 + -93. What is the units digit of (3 + -1 + -366)*(g - 0)?
4
Let s be ((-2)/4)/((-9)/90). Let g be 10/((33/72)/11). Suppose p = 5*b + 6*p - 230, s*b + 3*p - g = 0. What is the tens digit of b?
5
Let n = -261 + -39. Let y = 414 + n. What is the hundreds digit of y?
1
Let b(f) = 38 - 47*f + 19*f + 43 - f**2. What is the units digit of b(-27)?
8
Suppose 7176*l = 7197*l - 376842 - 471558. What is the thousands digit of l?
0
Suppose -3*d = 4*b - 9, 0*d - 3 = b - d. Suppose b = -5*f + 42 - 7. What is the units digit of (f + 1)*(-49)/(-4)?
8
What is the units digit of (-15462)/4*114/(-171)?
7
Let f = 28416 - 14545. What is the units digit of f?
1
Let d(g) = 107*g - 77. Let u be d(5). Let v = u + -35. What is the tens digit of v?
2
Let x = -275 + 696. Suppose 2*l - x = -3*j, 3*l + j = 6 + 643. What is the tens digit of l?
1
Let x be 520 - (-1)/(1/3)*1. Suppose 3*r - 2*w - 388 = -2, -w - x = -4*r. Let u = r + 56. What is the hundreds digit of u?
1
Suppose 2*w - 7 + 1 = 0. Suppose -2*d = -w*v - 0*d - 19, 5*v - 5*d = -25. Let i(u) = u**3 + 9*u**2 - 9*u + 15. What is the units digit of i(v)?
6
Suppose -1 = 4*v - 21. Suppose 96 = v*z + 2*h, -2*z - 3*h = -5*h - 44. What is the units digit of (-814)/(-18) - z/90?
5
Let k(m) = 3*m**3 - 4*m**2 + 4*m - 4. Let r be k(2). Let b = -12 + r. Suppose 0 = -5*h - b*g - 4*g + 485, 485 = 5*h - 5*g. What is the tens digit of h?
9
Suppose 222 = 140*n + 82*n. Suppose -2*m + 8 = -12. What is the tens digit of 1494/m + n/5*-2?
4
Suppose 4*x + 3*r = -15, 5*x - 17*r + 10 = -19*r. Suppose 3*q - 2234 = -l, 2*q - 2*l - 3*l - 1461 = x. What is the tens digit of q?
4
Let q(n) = 360*n**2 + 46*n + 152. What is the units digit of q(-4)?
8
Suppose -7*v + 213 - 220 = 0, -3*d + 127161 = 3*v. What is the tens digit of d?
8
Suppose -4*y - 400 = 4*y. Let v = -50 - y. Suppose -o + 3*o - 310 = -2*n, v = 2*o - 4*n - 286. What is the hundreds digit of o?
1
Suppose -79530 = -28*b - 27*b. Let l = 2428 - b. What is the hundreds digit of l?
9
Let t = 183 + -105. Suppose -t*c + 2304 = -70*c. What is the tens digit of c?
8
Let o = -1023 + 1743. Let z = o - 420. What is the tens digit of z?
0
Let d(c) = -c + 15. Let t be d(13). Let n be -3*t/(-6)*3. Suppose 2*p + 306 = 3*a, a - n*a = p - 211. What is the units digit of a?
4
Let a be ((-45)/3)/(2/4). Let f = a + 30. Suppose f = 3*n + 6*n - 513. What is the units digit of n?
7
Let m(x) be the third derivative of 0 + 25/6*x**3 + 5/4*x**4 + 0*x + 24*x**2. What is the tens digit of m(4)?
4
Suppose -u = -o + 6897, -2*o + 19991 = 2*u + 6229. What is the tens digit of o?
8
Let l be (-42)/30*-5 - 7 - -5. Suppose 0 = 4*q - 3*j + 6*j - 7, 5*j = -4*q + 1. Suppose l*m = -b + 3*b + 403, b + q = 0. What is the tens digit of m?
7
Suppose 435*p - 199*p = 219*p + 290292. What is the tens digit of p?
7
Suppose -4*k + 4*i = -0*k - 9112, 0 = -i. Suppose -5*g = -3282 - k. What is the units digit of g?
2
Suppose -3*u + 5*b - 25 = 0, -4*u - 6 = -b + 16. Let o(d) = -d + 2. Let n be o(u). Suppose 4*m - n*m + 387 = 0. What is the hundreds digit of m?
1
Let h = -164 - -107. Let i(z) = -z**3 + 16*z**2 + 24*z - 21. Let a be i(17). Let y = h + a. What is the units digit of y?
1
What is the hundreds digit of 1 - (13/(-2) - -2)*306810/45?
6
Let l be 2/9 - 364/18. Let t be (-1 + l + 1)*-1. Let p = t - -4. What is the tens digit of p?
2
Let v(c) = 33*c**2 - 102*c. Let r be v(10). Suppose 0 = -3*m + r - 408. What is the hundreds digit of m?
6
What is the units digit of (((-10)/(-18))/(-5))/(102/(-2549286))?
7
Let d = -560 + 5570. What is the hundreds digit of d?
0
Suppose -2*t = 6 - 14. Let c(j) = j**3 - 3*j**2 - 4*j + 7. Let l be c(t). Let n(q) = -q**3 + 6*q**2 + 12*q - 10. What is the tens digit of n(l)?
2
Suppose -196020 = -66*b + 55*b. What is the units digit of b?
0
Let v = 8610 + 70586. What is the ten thousands digit of v?
7
Let g(k) be the second derivative of 38*k**3/3 - 30*k**2 + 87*k. What is the hundreds digit of g(13)?
9
Let l(c) = -100*c**3 + 2*c**2 - 57*c + 13. What is the units digit of l(-6)?
7
Let u = 2 + -9. Suppose -x + 3*q + 80 = 4*x, -57 = -4*x + q. Let j = x + u. What is the units digit of j?
6
Let u = 20 + -7. Let q = u + -9. Suppose 0 = -q*d - 5*h - 16, 4*d - h + 12 = -5*h. What is the units digit of d?
1
Let r = 10 - -2. Suppose -4*l = -0 - r. Suppose -x = -l*x + 190. What is the units digit of x?
5
Let s(j) = j**3 - 8*j**2 - 7*j - 16. Let v be s(9). Suppose -t + 1702 = 2*x - x, 4*t + v*x = 6810. What is the tens digit of t?
0
Let k = 10 - 137. Let w = k - -331. What is the hundreds digit of w?
2
Suppose 2*m - 4479234 = 41*m - 146*m. What is the tens digit of m?
6
Let f = -342 + 345. Suppose 2405 = f*c - l, 0*l - 4*l = 5*c - 3980. What is the hundreds digit of c?
8
Suppose 4*x = 5*p - 27393 - 17641, 0 = p - 5*x - 8990. What is the tens digit of p?
1
Let g = 1088 - 639. Let j = g - 183. What is the tens digit of j?
6
Suppose 5*w + 51*g = 56*g + 23345, 9338 = 2*w + 3*g. What is the units digit of w?
9
Let a = 934 - 448. Let b = a + -131. Suppose -b = -2*l - 113. What is the units digit of l?
1
Suppose 0 = y - 0 - 2. Suppose 0 = -h - y*c + 14, h - 2*h = -2*c - 14. Let k = 93 - h. What is the units digit of k?
9
Suppose -59*p + 48*p = -212025. What is the units digit of p?
5
Let g be 4 - (2206 - (-5 - -2)). Let d = -1309 - g. What is the tens digit of d?
9
Suppose -1620 = -10*z + 8*z - 4*c, 4*c = 3*z - 2440. Let y = z + -128. What is the hundreds digit of y?
6
Suppose -4*f + 3*d + d + 2412 = 0, d + 1203 = 2*f. Suppose 3*i + 446 = 5*c, 2*i + 2*i + f = 4*c. Let k = 219 + i. What is the tens digit of k?
6
Suppose -5*u = 202*y - 203*y - 19620, 3*y + 7848 = 2*u. What is the units digit of u?
4
Let o(z) = 0*z**2 - z - 5*z + z - 4*z**3 - 2 - 3*z**2. Let n be o(-6). Suppose -5*l + n = 3*l. What is the units digit of l?
8
What is the thousands digit of (11582/5)/(-3 - 102/(-30))?
5
Let p(m) = -9*m + 564. Let n be p(33). Suppose 5*l - 3*l + 192 = 0. Let h = l + n. What is the units digit of h?
1
Let y = -5688 + 2378. What is the units digit of y/(-6) - 2/6*-1?
2
Suppose -21*f = -3*f. Suppose 4*i + 176 - 2996 = f. What is the tens digit of i?
0
Let r(j) = -10*j**2 - 7*j + 9. Let h be r(4). What is the tens digit of (0 + -2)*(12 + h)?
3
Suppose 0 = 19*p - 9*p - 39*p + 103124. What is the t